{"id":208,"date":"2018-02-28T02:42:09","date_gmt":"2018-02-28T02:42:09","guid":{"rendered":"http:\/\/www.pigletsmarket.com\/?page_id=208"},"modified":"2020-01-28T00:21:25","modified_gmt":"2020-01-28T00:21:25","slug":"habitaciones","status":"publish","type":"page","link":"https:\/\/www.hotelhelverica.com\/?page_id=208","title":{"rendered":"Habitaciones"},"content":{"rendered":"<p>En Hotel Helv\u00e9rica estamos conscientes de la importancia que tiene el poder descansar con calidad. Es por eso que nuestras habitaciones cuentan con c\u00f3modas camas cuyo dise\u00f1o y accesorios garantizar\u00e1n un excelente sue\u00f1o y una postura id\u00f3nea para maximizar el provecho que saca a sus horas de descanso. Los ba\u00f1os est\u00e1n completamente equipados con modernos y recientes acabados y accesorios de primera categor\u00eda para brindarle las facilidades y comodidad que usted se merece.<\/p>\n","protected":false},"excerpt":{"rendered":"<p>En Hotel Helv\u00e9rica estamos conscientes de la importancia que tiene el poder descansar con calidad. Es por eso que nuestras habitaciones cuentan con c\u00f3modas camas cuyo dise\u00f1o y accesorios garantizar\u00e1n un excelente sue\u00f1o y una postura id\u00f3nea para maximizar el provecho que saca a sus horas de descanso. Los ba\u00f1os[&#8230;]<\/p>\n","protected":false},"author":1,"featured_media":0,"parent":0,"menu_order":0,"comment_status":"closed","ping_status":"closed","template":"template-room-listing-2col.php","meta":{"footnotes":""},"class_list":["post-208","page","type-page","status-publish","hentry"],"jetpack_shortlink":"https:\/\/wp.me\/P9LHQi-3m","jetpack-related-posts":[{"id":953,"url":"https:\/\/www.hotelhelverica.com\/?page_id=953","url_meta":{"origin":208,"position":0},"title":"Suites","date":"","format":false,"excerpt":"Las Suites son peque\u00f1os departamentos que se ubican en Francisco I. Madero 48,\u00a0 registro y entrega de llaves en hotel Helv\u00e9rica ubicado en Francisco I. Madero 14. \u00a0 \u00a0","rel":"","context":"Similar post","img":{"alt_text":"","src":"","width":0,"height":0},"classes":[]}],"_links":{"self":[{"href":"https:\/\/www.hotelhelverica.com\/index.php?rest_route=\/wp\/v2\/pages\/208","targetHints":{"allow":["GET"]}}],"collection":[{"href":"https:\/\/www.hotelhelverica.com\/index.php?rest_route=\/wp\/v2\/pages"}],"about":[{"href":"https:\/\/www.hotelhelverica.com\/index.php?rest_route=\/wp\/v2\/types\/page"}],"author":[{"embeddable":true,"href":"https:\/\/www.hotelhelverica.com\/index.php?rest_route=\/wp\/v2\/users\/1"}],"replies":[{"embeddable":true,"href":"https:\/\/www.hotelhelverica.com\/index.php?rest_route=%2Fwp%2Fv2%2Fcomments&post=208"}],"version-history":[{"count":2,"href":"https:\/\/www.hotelhelverica.com\/index.php?rest_route=\/wp\/v2\/pages\/208\/revisions"}],"predecessor-version":[{"id":431,"href":"https:\/\/www.hotelhelverica.com\/index.php?rest_route=\/wp\/v2\/pages\/208\/revisions\/431"}],"wp:attachment":[{"href":"https:\/\/www.hotelhelverica.com\/index.php?rest_route=%2Fwp%2Fv2%2Fmedia&parent=208"}],"curies":[{"name":"wp","href":"https:\/\/api.w.org\/{rel}","templated":true}]}}